 k(j). Suppose -m = -z*x + 134, -15 - 123 = -5*x + 2*m. Is x a prime number?
False
Is 142/(4 + 2320/(-584)) prime?
False
Let o(d) = d**2 + 3*d - 4. Let q be o(-5). Let b be (q/(-4))/(-3)*-26. Is (-6775)/b + 18/(-117) prime?
True
Suppose 77 = -3*z + 92. Is (4197 - (-5)/z)/2 a composite number?
False
Let q be 5/(35/13) - (-2)/14. Suppose -q*z + 6*z = 564. Is z prime?
False
Suppose 24*n = -107736 + 342288. Is n a prime number?
False
Let y(u) = 184*u**2 - 2*u - 9. Is y(4) composite?
False
Is (-243894)/(-126) - 8/(-6) a composite number?
True
Let f = 4457 - 2676. Suppose 4*v + 1036 = 4*h, -5*h + 4*v - 488 = -f. Is h composite?
False
Let v(f) = f**3 - 6*f**2 + 3*f + 12. Let z be v(5). Is (-4753 + z)/(2 - 3) a prime number?
True
Let o(a) = a + 1. Let s be o(-2). Is (-57 + -2)/(s + 0) a composite number?
False
Suppose 0 = 3*u + q - 48095, -4*u = -129*q + 131*q - 64124. Is u composite?
False
Suppose b - 2*b - 12 = 0. Is -148*(b/(-8) + -2) composite?
True
Suppose -g + 12265 - 4848 = 0. Is g prime?
True
Let a(o) = 87*o**2 - 24*o - 200. Is a(-17) prime?
False
Let z(b) = b - 10. Let j be z(12). Let p be (14 - 8) + (-6)/j. Suppose 122 = 2*k - 4*d, -p*d + 27 = k - 24. Is k a composite number?
True
Suppose 3*g + 0 = 15. Suppose g*f - 3 = -8. Let o = 2 - f. Is o prime?
True
Let j = 16785 - 9746. Is j composite?
False
Suppose -333 = l - 5194. Is l a composite number?
False
Suppose 4*d + 2*p = 3*d + 4, -11 = d - 3*p. Let f(a) be the third derivative of -5*a**4/4 - a**3/6 - a**2. Is f(d) a prime number?
True
Let k = -27702 + 40305. Suppose k = -9*h + 12*h. Is h prime?
True
Let w be (72/40)/(3/1215). Let j = -464 + w. Is j prime?
False
Suppose -246 = -2*h - 2*y, 2*y - 4*y = -3*h + 359. Let o = h + 42. Is o a prime number?
True
Let u be -11 - (-3 + -1 - -1). Let x(f) = 5*f**2 - 9*f + 6. Is x(u) prime?
False
Suppose o - 4*z - 4506 = 0, -92*o = -95*o + 4*z + 13478. Is o composite?
True
Let a(b) = -b**3 + 2*b**2 + b - 2248. Let n be a(0). Let z = -555 - n. Is z a composite number?
False
Suppose 4*o - 29 = -5*u - 4, 2*o + 2*u - 12 = 0. Suppose -385 - 190 = -o*q. Is q prime?
False
Let h = -12 - -16. Suppose -5*z = -h*d - 0*d + 11, -4*d = -z + 1. Is z/(-9) - 1232/(-12) a composite number?
False
Suppose -4*z + z + 9 = 0. Suppose -z*s - m + 34 = -141, 5*s - 2*m = 288. Is s prime?
False
Let f = -625 + 1082. Is f a composite number?
False
Suppose y - 4*h - 5777 = -0*y, -2*y = -3*h - 11549. Is y composite?
True
Let u(l) be the third derivative of l**6/120 - l**5/10 - 13*l**4/24 - 13*l**3/6 - l**2. Let x(k) = 3*k**2 + 11*k + 20. Let d be x(-2). Is u(d) prime?
True
Suppose -2*g - 988 = 5*a + 183, 2*g = -2*a - 1174. Let r = 967 + g. Is r composite?
False
Let v be 148/8 - 3/(-6). Let k = v + -17. Suppose 0 = k*x - 132 + 14. Is x composite?
False
Suppose 4*q = 3*s - 856 + 16733, -3961 = -q - 2*s. Is q prime?
True
Let o(d) = -d**3 - 8*d**2 - 9*d + 3. Let a be o(-7). Suppose 0 = -15*c + a*c - 1606. Is c composite?
True
Let x = 11 + -9. Suppose -4*j + 20 = -x*j. Is 2/(-4) + 2035/j a prime number?
False
Suppose 0 = 3*o - 1126 - 2642. Let g = o + -625. Is g composite?
False
Is (804708/(-144))/(((-36)/32)/3) prime?
False
Let n(r) = -246*r - 38. Let j be n(11). Let z = 273 - j. Is z composite?
True
Is ((-8)/(-6))/((-20)/(-75)) + 1376 a prime number?
True
Let k = -98 + 189. Let z = k + -12. Is z a composite number?
False
Suppose 0 = 4*c + 5*z - 93 + 29, 0 = 3*z + 12. Suppose 0 = b + 5 - c. Let n = b - 9. Is n a composite number?
False
Let t(v) = -v**2 + v. Let n be t(1). Is 1733/(n + (-3 - 0) + 4) prime?
True
Let v(r) = r**3 + 3*r**2 + 2*r + 8. Let c(y) = -3*y**2 - 2*y - 9. Let m(h) = -5*c(h) - 6*v(h). Suppose -5*i + 10 = -10*i. Is m(i) composite?
False
Is (-97214)/(-20) - 90/(-300) a prime number?
True
Let x = -359 + 490. Is x composite?
False
Let p = 0 + 4. Suppose c + 1938 = p*o + 6*c, 0 = -3*o + c + 1463. Is o prime?
True
Let u(g) = 395*g**2 - 14*g + 14. Is u(3) composite?
False
Let q be 0/1 + ((-3)/3 - 801). Is q/(-3) - 20/60 composite?
True
Let v(k) = -k - 2. Let t be v(-7). Suppose -a = -t*a + 384. Suppose -277 + a = -x. Is x composite?
False
Suppose 8*o = -655 - 1369. Let g(w) = 18*w**2 + 5*w - 6. Let t be g(6). Let y = t + o. Is y a composite number?
False
Let j(x) be the second derivative of x**8/3360 - 2*x**7/315 - x**6/120 + 13*x**5/120 + x**4/4 + x. Let p(b) be the third derivative of j(b). Is p(11) composite?
False
Suppose 8*f + 0*d - 1276316 = -2*d, -5*f - 3*d = -797701. Is f composite?
False
Suppose 8 = -5*b - 2*w, 7*b - 4*b - 2*w - 8 = 0. Suppose 390 = m - h, b*h + 5*h = -m + 396. Is m a composite number?
True
Is 3 + 2153 + 7 + -15 + 11 a composite number?
True
Let l = -23 - -40. Let s = l + 42. Is s composite?
False
Let c(s) = 6*s**2 + 3*s - 1. Let d be c(1). Suppose 1108 = d*h - 1348. Is h a prime number?
True
Suppose -2*u + 0 + 4 = 0. Let j(m) = m + 21*m**2 + 16*m**u + 3*m**2. Is j(-1) a composite number?
True
Suppose 130*x + 30 = 135*x. Let o(n) = 18*n + 23. Is o(x) composite?
False
Suppose 3*y = 20563 + 3374. Is y a composite number?
True
Suppose 0 = 9*o + 102628 - 632107. Is o a composite number?
False
Suppose 5*j = 4*z + 618, -4*z + 0*z + 358 = 3*j. Let a = j - -257. Is a prime?
True
Suppose 362 = 5*y + 2*l - 79, 0 = -4*y - 5*l + 363. Is y a prime number?
False
Let s(i) = -3*i**2 - 5*i - 5. Let n be s(-7). Let z = n + 764. Is z a prime number?
True
Suppose 3*j - 5*j + 3*g = -3816, -g = -5*j + 9527. Suppose -s = 0, -2*u + 5*s + j = u. Is u prime?
False
Suppose 26*l + 60*l - 1925884 = 0. Is l a prime number?
False
Suppose 1236 - 211 = 5*w. Let k = 498 - w. Is k composite?
False
Let b = 249 + -1399. Is 2/(-3) + b/(-6) composite?
False
Suppose 56*z = 1944995 + 240517. Is z a composite number?
True
Let c = 5432 - 2349. Is c a composite number?
False
Suppose -298060 = -14*f - 6*f. Is f prime?
False
Let a(h) = -h**3 - 2*h**2 + 6*h - 8. Let b be a(-4). Suppose b = -7*w + 208 - 75. Is w prime?
True
Let b(q) be the third derivative of 2*q**5/15 - q**4/12 + q**3/6 - q**2. Suppose 5*i = -d - 10 + 2, 0 = 4*i + d + 6. Is b(i) prime?
True
Suppose 3*n + 1 = 16. Suppose 7*j = n*j + 4. Suppose 3*k + j*o = 41, k = -k - 5*o + 42. Is k a prime number?
True
Suppose 0*k = 6*k + k. Suppose -5*f - n = -3986, 2*n - 3190 = -4*f - k*n. Is f composite?
False
Suppose 5 = -2*y - 5. Let w(r) = 3*r + 12. Let j be w(y). Let l(c) = 2*c**2 + 4*c + 7. Is l(j) a composite number?
False
Let g = -3775 + 2671. Let o = -392 - g. Suppose 188 = -4*m + o. Is m prime?
True
Is 7/84*-3*(-53795 - 1) prime?
False
Let d(j) = 63*j - 1. Let a(q) = -1. Let w(g) = 3*a(g) - d(g). Let t = -52 + 49. Is w(t) composite?
True
Suppose 180 + 27 = -3*j - d, 0 = -5*j - 5*d - 345. Let p(w) = -5*w**2 - 8*w - 4. Let v be p(-6). Let t = j - v. Is t a prime number?
True
Let u = 4396 + 955. Is u prime?
True
Let m = 2503 + -1210. Is m a composite number?
True
Suppose -16 = 3*b + 5*c, -5*c - 43 = -b - 15. Suppose 4*h - b*h - 3 = 0. Suppose h*m = 277 + 212. Is m a prime number?
True
Let u = 21 - 18. Suppose -6 = -2*j + 2, 5*l = -3*j + 382. Suppose u*m = f - 0*m - 44, -f + l = 3*m. Is f composite?
False
Let z be (1 - 0)*(1 + -487). Let v = 923 - z. Is v a composite number?
False
Suppose k - 4836 + 222 = 0. Let q = -2143 + k. Is q a prime number?
False
Let h(l) = 6*l + 9. Let k be h(-10). Let s = k - -130. Is s composite?
False
Let t be (37 + 1)/((-30)/1905). Let o = -1040 - t. Is o a composite number?
False
Suppose 0 = -6*k - 8 + 20. Suppose 4*u - 3*u + k*s = 907, -4535 = -5*u - 4*s. Is u a prime number?
True
Suppose j + 8 = 2. Let g be ((-6)/j)/(2/8). Suppose 231 = -o + g*o. Is o prime?
False
Suppose -n - 4*n = j + 2345, 4*j = n + 490. Let d be (0 - 6/18)*-9. Is (d/5)/((-2)/n) a composite number?
True
Is 1/(4 + (-139935)/34985) a composite number?
False
Let p = 2245 - -443. Is p/18 + (-1)/3 prime?
True
Is (0 - -14083) + (1 - (-3)/(-1)) composite?
False
Suppose 5*m + 10 = 3*m - c, 0 = 2*c + 4. Let n be (-2314)/m*1*2. Let g = n + -738. Is g a prime number?
True
Let q(l) = 9*l**2 - 4*l + 2. Let t(x) = 10*x**2 - 4*x + 2. Let c(z) = 5*q(z) - 4*t(z). Is c(3) prime?
False
Let n = -1066 - -1533. Suppose 2*o = p + n + 578, 5*o + p = 2602. Is o composite?
False
Let d(f) = -3*f**3 - 33*f**2 + 17*f - 34. Is d(-15) a composite number?
False
Let 